 is the highest common factor of 22 and q?
11
Let l(h) = h**3 + 9*h**2 - h - 2. Let c = 71 - 62. Suppose -5*z = c + 36. Let j be l(z). Calculate the greatest common divisor of 7 and j.
7
Let n be (8 - 3) + (-45)/5. Let k be (n + 10 - -2) + -2. What is the highest common factor of 24 and k?
6
Let x(i) = i**3 + 16*i**2 + 16*i - 3. Suppose 3*o + 21 + 21 = 0. Let c be x(o). Calculate the highest common factor of 99 and c.
33
Let w(a) = -60*a**2 + 785*a - 34. Let m be w(13). What is the highest common factor of 3379 and m?
31
Suppose 0 = 5*g - 2673 + 1098. Suppose 7*t + 87 = q + 2*t, 5*q - g = t. Calculate the greatest common factor of 186 and q.
62
Let k = 13415 - 13414. Suppose -2*x + 4*s + 6 = -44, 4*x = 2*s + 100. Calculate the greatest common divisor of k and x.
1
Suppose -26*y = -21*y + 85. Let o(n) = -n**2 - 17*n + 10. Let r be o(y). Suppose 0 = -154*l + 149*l + r. Calculate the highest common divisor of l and 14.
2
Suppose 3*a = l - 2*a - 46, 46 = l + 3*a. Suppose l*k - 120 = 40*k. Calculate the highest common divisor of 500 and k.
20
Let g(n) = 36*n**3 - 2*n + 2. Let u(b) = b**2 - 13*b + 37. Let o be u(9). Let l be g(o). Calculate the highest common divisor of 162 and l.
18
Suppose -3860 = u + 1954. Let t be (u/12)/(24/(-32)). What is the highest common divisor of t and 34?
34
Suppose 2*w + 0*w - 5*n - 7030 = 0, -4*n = -8. Calculate the greatest common divisor of 55 and w.
55
Let y = -4566 + 4579. Calculate the highest common divisor of y and 97.
1
Suppose 10*z = 3*x + 12*z - 1370, 2*z = -4*x + 1828. Let p = x + -415. What is the greatest common factor of 172 and p?
43
Let n(o) = -46*o**3 + 7*o**2 - 39*o - 112. Let u be n(-3). What is the greatest common factor of u and 70?
10
Let v = 195 + -131. Let q be 1924/259 - (-24)/42. What is the greatest common divisor of q and v?
8
Suppose 7*r + 11*r + 19398 = 71*r. Calculate the highest common factor of r and 122.
122
Let y(k) = k + 22. Let n be y(-15). Suppose g = -3 + n. Suppose -4*q = 3*w - 47, 2*w - 18 = -g*q + 3*q. Calculate the highest common divisor of q and 8.
8
Let g(b) = -b**2 + 12*b - 8. Let a be g(8). Let z be (40/7)/(760/4256). Calculate the highest common divisor of z and a.
8
Let g(u) = -81*u**3 - 2*u**2 + u + 3. Let w be g(-2). Let s = 1289 - w. Let h = -450 + s. What is the highest common divisor of h and 22?
22
Suppose 0 = 2*g - 11*g - 11*g + 170240. What is the highest common factor of 133 and g?
133
Let z = 247 + -254. Let y be (-2)/z - (-2256)/42. What is the highest common divisor of y and 27?
27
Suppose -2*g = -8, 4*f = -2*g + 3*g - 128. Let r be ((-4)/6)/(f/651). Calculate the greatest common divisor of r and 49.
7
Suppose -103 = -8*f - 31. Suppose 166 = -f*h + 238. What is the greatest common factor of 28 and h?
4
Let d be 33/(1 + 0) + -3. Suppose -5*m + 2*m + 15 = 3*p, p - d = 4*m. Let w = 354 + -244. What is the greatest common divisor of w and p?
10
Suppose -330 - 1344 = 480*t - 489*t. What is the greatest common divisor of t and 527?
31
Let z be 18*(2 + (-2)/2). Let f = 330 + -682. Let x = f + 496. What is the greatest common divisor of x and z?
18
Suppose -10464 = 1231*y - 1255*y. Calculate the greatest common factor of y and 763.
109
Let g be ((-280)/(-210))/((-4)/(-33)). Calculate the greatest common divisor of 1903 and g.
11
Suppose 3*c - 433 = 4*p - 8*p, 432 = 3*c + 3*p. Let x be 203/((-56)/(-8)) - 3. Calculate the highest common factor of c and x.
13
Suppose 15*m = -2*q + 6172, 0 = q - 56 + 60. Calculate the highest common divisor of m and 3399.
103
Let l = 15 + 45. Let z = -68238 + 68253. What is the highest common factor of z and l?
15
Let x(b) = -b**2 - 12*b - 29. Let l be x(-5). Suppose l*m - 610 - 2900 = 0. What is the greatest common divisor of m and 26?
13
Let i = -35 - -37. Suppose -7*o + i*o = 0. Suppose -2*l + 2*m + 388 = 3*l, 2*l - m - 156 = o. Calculate the highest common divisor of 19 and l.
19
Let p(q) = 25 + 30 + 10 + 10 - 3*q. Let t be p(-41). What is the greatest common divisor of t and 44?
22
Suppose 0 = 5*x - 5*l - 7530, 0 = -2*x + 61*l - 62*l + 3018. Calculate the greatest common factor of x and 286.
26
Let s(b) = -108*b + 212. Let v be s(-1). What is the greatest common factor of 10720 and v?
160
Suppose -31*u + 43491 = 32*u - 8673. What is the highest common factor of 1196 and u?
92
Suppose -18*v + 19245 = 358 - 5845. What is the highest common factor of 6 and v?
6
Let d = -147 + 268. Let u(b) = -b + 12. Suppose 9*r = 3 + 6. Let i be u(r). Calculate the greatest common factor of d and i.
11
Suppose -n - 61 = 5*c - 492, 2*n = -2*c + 894. What is the greatest common divisor of n and 99?
11
Let g be (-3)/(((-9)/2)/3). Let y be 12/(-14)*(g + -2*8). Let b be 2/(-4) - (-1855)/14. Calculate the highest common divisor of y and b.
12
Let z be 133/(-14)*(-1 + -1). Let v be (-43 - -41) + z*1. What is the highest common divisor of v and 391?
17
Suppose -n - 366 = 4*g - 3*n, 2*g + 5*n + 165 = 0. Let b = g - -108. Calculate the greatest common divisor of b and 15.
3
Let n(c) = 48*c - 225. Let g be n(6). Calculate the highest common divisor of g and 273.
21
Let t be -5 + 16 + 2/(-2). Suppose 1 = 2*n + 3, 4*j + 2*n = -14. Let w be (j + 58/6)*3. Calculate the highest common factor of t and w.
10
Let u(a) = 939*a**2 + 192*a + 43. Let q be u(7). What is the highest common factor of 26 and q?
26
Let a(v) = 1463*v - 391. Let u be a(1). Calculate the highest common factor of 48 and u.
16
Suppose -4*i - n = -1484 - 262, -5*i = 2*n - 2181. Calculate the highest common divisor of 23 and i.
23
Suppose -2825 = -5*t + t + 5*i, 0 = 5*t - 2*i - 3527. Suppose 4*k = 7*k - t. Suppose k = 5*q - 15. Calculate the greatest common factor of 5 and q.
5
Let p be (-6)/(-6) + 1 + 1. Suppose p*d - 22 = 2*d. Suppose 0 = 17*g - 883 + 727 - 2462. What is the greatest common divisor of g and d?
22
Let u = 1112 + -1110. What is the highest common divisor of 1963 and u?
1
Let d be 27988/2 + -8 + 420/21. What is the greatest common divisor of 894 and d?
298
Suppose -3*j - 3*k = -3, 0 = 3*j + 14*k - 10*k - 2. Suppose 3*h + 21 = c, 0 = -j*c + 8*h - 6*h + 54. What is the greatest common divisor of c and 45?
15
Let r(m) = -55*m - 203. Let i be r(-11). Let j = -24 + i. What is the greatest common divisor of j and 54?
54
Let h be (171/(-84) + 378/(-168))*-1085. What is the greatest common factor of h and 30?
30
Suppose -32 = -4*t, -6*v - t + 17419 = -24223. Calculate the highest common factor of v and 36.
9
Suppose 14*c - 426 - 22 = 0. Suppose -2*a = 2*a - 1280. What is the highest common divisor of a and c?
32
Let f = -70 - -134. Let d be 91200/1254 + (-8)/11. What is the greatest common divisor of f and d?
8
Suppose 1048 = 3*i - 173. Let m be (1/2)/((-5)/(-370)). What is the highest common factor of m and i?
37
Let r = -73 + 110. Suppose -1624 = r*k - 4288. Calculate the highest common divisor of 18 and k.
18
Let o be -5 - -2 - (2 - -32) - 1. Let k = 44 + o. Suppose -k*n + 3*n = -180. What is the greatest common divisor of 12 and n?
12
Suppose -95*y + 7128 = -86*y. Suppose -y = -3*z - 3*s, -4*z + 7*z = -4*s + 791. Calculate the greatest common factor of z and 15.
5
Suppose 15*b = 3*b + 240. Suppose 4*a = -0*a + 76. Let s = a + -15. Calculate the highest common divisor of b and s.
4
Let k = -401 + 221. Let p = k + 38. Let u = p - -160. Calculate the greatest common divisor of u and 126.
18
Let b = 422 + -418. Suppose -1328 - 376 = -b*r + 3*d, r - 415 = -2*d. What is the highest common factor of 47 and r?
47
Let w be (-46)/(-3) + 14/21. Let h = w - -52. Suppose -2*x + 30 = x + 3*k, 0 = -5*x + k + h. Calculate the highest common factor of x and 143.
13
Suppose -9*z = -8 - 28. Suppose 2*g + 6 = 14, 5*r = -z*g + 36. Calculate the highest common divisor of 100 and r.
4
Let h = -4209 - -4274. What is the greatest common divisor of h and 10?
5
Suppose 130*d - 132*d = -40. Let a be -4 - (-70 + -1) - -3. Calculate the highest common divisor of a and d.
10
Suppose -3*g + 5*i + 1007 = 0, 3*g + 4*i = -g + 1364. Suppose g = z + 131. What is the highest common factor of 8 and z?
8
Let n = -8903 - -17063. Calculate the greatest common factor of 32 and n.
32
Let u be 0 - (46/4 - -1)*32/(-40). Calculate the greatest common divisor of 435 and u.
5
Suppose -33*d - 3995 = -38*d. Suppose 34*k - d = 935. What